 ((-7068)/48*-2)/(2/4)?
9
Suppose m - 4*n = 1071, -10*m - 3213 = -13*m + 4*n. What is the units digit of m?
1
Let t be (-27)/18*(-16)/6. Suppose 0 = -t*y - 0*y + 168. What is the tens digit of y?
4
Let s = -34 + 37. Suppose 2*k + 4*c = -10, -s*c - 5 - 1 = 3*k. What is the units digit of k?
1
Suppose 18 = -h - 5*u + 3*u, 5*u + 15 = 0. Let r = -207 + 283. What is the tens digit of r/3 + 4/h?
2
Let t(a) be the second derivative of a**6/360 - a**5/40 - a**4/4 - a**3/3 - 5*a. Let o(c) be the second derivative of t(c). What is the tens digit of o(-4)?
2
Suppose a = -a + 8. Suppose a = q - 1. Suppose -f = o - 29, -f + q*f - o - 91 = 0. What is the units digit of f?
4
Suppose 5*l + 5 = 0, q - l + 25 = l. Let h = q + 30. Suppose -4*r - 5*c + 9 = -67, 64 = h*r + 2*c. What is the units digit of r?
4
Let w = 68 - 50. What is the tens digit of 6/27 + -3 + 482/w?
2
Let n(b) = b**3 + 14*b**2 - 12*b - 3. Let l be n(-15). Let h = 39 + l. Let p(w) = -w**3 - 10*w**2 - 12*w + 3. What is the tens digit of p(h)?
3
Suppose -8*f - 264 = -2*f. What is the units digit of 22/f*(-126 - (-1 + 1))?
3
Let n be (-4734)/(-14) + (-7)/49. Let a = n - 219. What is the units digit of a?
9
Suppose -4*t + 5*i = -9235, 5*i - 4*i - 5 = 0. What is the hundreds digit of t?
3
Let u be 34/10 - 10/25. Let a(y) = 3*y + 5. Let p be a(u). Suppose -p = n - 50. What is the units digit of n?
6
Suppose -2*p + 3*t - 34 = -t, 4*p = 3*t - 63. What is the tens digit of (-1270)/p + (-4)/6?
8
Let u be (-12)/36 - (-722)/6. Let d = 291 - u. What is the hundreds digit of d?
1
Suppose -4*b = -1342 - 190. What is the hundreds digit of b?
3
Let h = 221 + -145. Suppose -43*l - 62 - 411 = 0. Let v = l + h. What is the tens digit of v?
6
What is the hundreds digit of -303*(16/(-24) - (-1)/3)?
1
Let t(a) = -a**2 + 18*a - 10. Suppose -12 - 39 = -3*q. Let m be t(q). Suppose -m*x + 4*x = -39. What is the tens digit of x?
1
Let d(y) = -y**3 - 2*y**2 + 3*y - 1. Let n be d(-3). Let p(o) = o**2 + o. Let x be p(n). Let k(w) = w**3 + 22. What is the units digit of k(x)?
2
Suppose -2*x = 4 - 4. Suppose n + 5*t + 10 = x, -3*n = -2*t - 29 + 8. What is the units digit of n?
5
Let g(a) = a + 8. Let v be g(-6). Let z = 274 + -94. Suppose -v*w - z = -8*w. What is the units digit of w?
0
Let u(w) = -w - 12. Let q be u(6). What is the units digit of (-27)/2*q/9?
7
Let l = -16 - -16. Suppose 0 = -l*s + 2*s - 40. What is the units digit of s/8*2 - 2?
3
Let x be 14/91 + 470/(-13). What is the tens digit of x/(-5)*(-4 + 276/9)?
9
Let p(f) = 7*f**3 + 9*f**2 + 4*f + 10. Let d be p(-5). What is the tens digit of (d/(-70))/(2/42)?
9
Let o(s) = 4 - 3 + 9 + 9*s + 19. What is the tens digit of o(13)?
4
Suppose 0 = -3*w + 3*d - 12, 0 = 2*w - 5*w + 5*d - 20. Suppose 390 = -w*y + 3*y. What is the hundreds digit of y?
1
Let y be 4 - (4 + -8 - 20). What is the tens digit of ((-9)/2)/(4 + -7)*y?
4
What is the tens digit of 1778 + 14/(140/30)?
8
Suppose 2*o - 5*g - 1323 = -173, -4*g - 1148 = -2*o. Suppose -7*x + o = -368. What is the tens digit of x?
3
Suppose -5*v + 14770 = 5*y, 196 - 6109 = -2*y + 3*v. What is the tens digit of y?
5
Let f(z) = z**2 - 6*z - 2. Let v be f(7). Suppose -v*u = -4*p - 262, -u + 2*p + 59 = -p. What is the units digit of u?
0
Let a(s) = -5*s**2 + 6*s + s**2 + 2*s**2 - 18 + 2*s**3 + 8. What is the tens digit of a(4)?
1
Let v(t) = -67*t**3 - 11*t**2 - 4*t - 1. What is the units digit of v(-2)?
9
What is the thousands digit of (-6)/(-15) - (-10123)/5?
2
Suppose 11*p - 8*p = 630. Suppose 5*k - 371 = -2*l, 0 = -3*k + 2*l + l + p. What is the tens digit of k?
7
Suppose -2882 = -6*u - 374. What is the tens digit of u?
1
Suppose -3*d - 4*h = -0*d - 180, 0 = d - 5*h - 60. Let m be 3/2*d/9. Suppose x - m = 43. What is the tens digit of x?
5
Let k = 17 - -27. Let n = 21 - 10. What is the units digit of 124/k - (-2)/n?
3
Suppose 0 = 2*i - 4*q - 2110, -3*i + 3161 = -16*q + 14*q. What is the thousands digit of i?
1
Suppose 0*c + c = 5*w + 4691, -4*w - 4689 = -c. What is the thousands digit of c?
4
Let c = 21 - -256. Let r = c - 102. What is the hundreds digit of r?
1
Suppose 0 = -3*x - 4 + 7, 1278 = 2*t - 4*x. What is the tens digit of t?
4
Suppose -29*c + 10212 + 76237 = 0. What is the units digit of c?
1
Let c = 8 + -3. Suppose c = -5*v, -7*v - 119 = -3*g - 2*v. What is the units digit of g?
8
Let x(k) be the second derivative of -7*k + 2/3*k**3 + 0 + 1/12*k**4 + 7/2*k**2. What is the tens digit of x(-5)?
1
Let h = 58 + -60. What is the hundreds digit of ((-1)/h)/(2/612)?
1
Let q be (8/(-10))/(26/30 + -1). Let n = 23 + q. What is the units digit of n?
9
Let a = -21 - -11. Let j be (a/6)/((-15)/18). Suppose -2*l - m = -41, -3*l + 58 = 3*m + j*m. What is the units digit of l?
1
Suppose -4 + 16 = 3*k. Suppose k*z + 41 = 3*p - 2*p, 4*p - 4*z = 200. What is the tens digit of p?
5
What is the tens digit of (-1 - -3045) + (-57)/19?
4
Suppose 5*u = -3*y + 520, y + 23*u - 22*u - 170 = 0. What is the hundreds digit of y?
1
Let o be (-58 - 1)/((-9)/9). Let a = o + -33. Suppose -5*i + a - 6 = 0. What is the units digit of i?
4
What is the units digit of (-39248)/(-60) - 12/90?
4
Let k(w) = -12*w + 530. What is the hundreds digit of k(26)?
2
Let i be -6*4*(-3)/(-18). Let g be 14/((2 + i)/(-1)). Let d(r) = 2*r**2 - 8*r - 7. What is the tens digit of d(g)?
3
What is the tens digit of ((-88)/28)/((-5)/280)?
7
Let z = 549 - 190. What is the units digit of z?
9
Suppose -a - 2*b = -9, 2*b + 3 = 2*a + b. Suppose a*u - 239 = 175. What is the units digit of u?
8
Let n = 91 - -14. Suppose v = -3*v + 20, -q + n = v. What is the tens digit of q?
0
Let z(v) = -10*v**2 + 4*v - 10. Let u(k) = -9*k**2 + 5*k - 9. Let q(i) = -5*u(i) + 4*z(i). What is the tens digit of q(6)?
3
Let c = 32 - 23. Let f(p) = 4 - 18 + 6 + c - 17*p. What is the tens digit of f(-2)?
3
Let n(l) = 17 - 3 - 1 - 2*l. What is the tens digit of n(-4)?
2
What is the units digit of 1761/3 + -12*(-3)/9?
1
Let f be ((-6)/5)/((-12)/40). Suppose -f*n + 25 = -99. What is the units digit of n?
1
Suppose -h + 1549 = x, 0 = 4*h - x + 3*x - 6190. What is the hundreds digit of h?
5
Let o = -509 - -863. What is the units digit of o?
4
Suppose -m - 2*m = 0. Suppose m = c, -2*c + 45 = -5*f - 35. Let k = -11 - f. What is the units digit of k?
5
Let h be 55/22*(-12)/(-10). Let o be 1 - (-3 + h + -4). Let k = 42 - o. What is the units digit of k?
7
Suppose 5*w - 14808 = r, w - 4*r - 2949 = -8*r. What is the thousands digit of w?
2
Suppose -34*n + 4560 = -26*n. What is the hundreds digit of n?
5
Let l be 8 - (0 - (3 - 2)). Suppose -l*d + 6 = -6*d. Suppose -40 = -d*q + 4*j, -2*q = 3*q - 5*j - 115. What is the tens digit of q?
2
Suppose -8 = -2*z, 3*t - 2*z + 53 = 3*z. Let m(c) = -c**3 - 11*c**2 + 14. Let y be m(t). What is the units digit of ((-12)/y)/(1/(-7))?
6
Suppose -5*q + 1102 + 308 = 0. Suppose 118 + q = 8*c. What is the units digit of c?
0
Let n(c) be the second derivative of 19*c**3/6 - 2*c. Let s be n(2). Suppose -4*w + s = -2*u, -6*u + u = -4*w + 47. What is the units digit of w?
8
Let i(q) be the first derivative of -97*q**2/2 + q - 2. Let a be i(-1). What is the tens digit of a/10 - 2/(-10)?
1
Suppose -4 = -4*a + 4*h, 2*a = 4*a + h - 5. Suppose 6*i = a*i + 100. What is the units digit of i?
5
Let v(p) = 23*p**2 + 42*p - 24. What is the hundreds digit of v(-11)?
2
Suppose -3*m - 4*n + 66 = 0, 0*n + 5*n = 4*m - 119. Suppose 7*k - 5*k = m. Let z = k + -12. What is the units digit of z?
1
Suppose -345 = -5*y + 5*w, w + 360 = 5*y - w. Let c = y + 26. What is the tens digit of c?
0
Suppose 3*j = -0*j - 12. Let g be (40/(-32))/(1/j). Suppose 130 = g*z + 4*p, 4*p = -0*p - 20. What is the units digit of z?
0
Let a(j) = -j**3 + 21*j**2 - 21*j - 16. Let v be a(20). What is the tens digit of v/(-3) + 8/(-20)*-5?
1
Let d(o) = 8*o - 22*o + 5*o - 42*o**3 + 8*o - 2*o**2. What is the units digit of d(-1)?
1
Let h(a) = 35*a - 49. Let l(r) = -3*r + 4. Let w(t) = 4*h(t) + 49*l(t). Let b be w(1). Let m = 29 + b. What is the tens digit of m?
2
Suppose -68*m - k = -67*m - 4059, -4*m + 4*k = -16204. What is the hundreds digit of m?
0
Let c be (-288)/(-9)*(-50)/(-8). Suppose 0 = d + 4*d - c. Suppose 0 = -7*v + 4*v + 5*b + 64, 0 = v + 3*b - d. What is the units digit of v?
8
Let t(y) be the second derivative of -y**4/1